e
Is 8492093437 composite?
False
Is 358454821 prime?
True
Is 456885542 composite?
True
Is 27342788437 a composite number?
True
Is 4775268367 prime?
True
Is 11226558323 a prime number?
True
Is 102965891087 prime?
True
Is 420341165 a composite number?
True
Is 104310188063 prime?
False
Is 732234682 a prime number?
False
Is 135314909 prime?
True
Is 3677181433 a prime number?
True
Is 657497329 prime?
False
Is 427444769 prime?
True
Is 243627609 prime?
False
Is 13461454829 a composite number?
False
Is 24120727 prime?
True
Is 3905458913 composite?
True
Is 1937045101 prime?
False
Is 93761390617 prime?
True
Is 23280361073 a composite number?
False
Is 6373135073 a prime number?
False
Is 5749214657 a composite number?
False
Is 864449567 composite?
False
Is 89601403 composite?
True
Is 3819581147 prime?
True
Is 557267629 a prime number?
True
Is 10885093391 composite?
False
Is 6766403701 a prime number?
True
Is 948036097 composite?
False
Is 5732502203 composite?
False
Is 460450520395 a prime number?
False
Is 2719100099 composite?
True
Is 38408458817 composite?
True
Is 3325468847 a composite number?
False
Is 102656149 prime?
False
Is 127316660389 a composite number?
True
Is 252902171 prime?
True
Is 206083111 a prime number?
False
Is 1073576507 a composite number?
True
Is 7824884273 a composite number?
False
Is 175392411671 a prime number?
True
Is 301325923 composite?
True
Is 24247462273 a composite number?
True
Is 13861253051 a composite number?
False
Is 14757350691 composite?
True
Is 16387692973 composite?
False
Is 374061353 a composite number?
True
Is 164580497 prime?
False
Is 33504383947 prime?
True
Is 11961430339 prime?
False
Is 5038231963 a prime number?
True
Is 320699129 composite?
True
Is 869965903 a composite number?
True
Is 9715531489 a prime number?
True
Is 730684117 composite?
False
Is 3663366557 composite?
True
Is 168916717 composite?
False
Is 198388631 a prime number?
False
Is 3693607079 prime?
True
Is 14021344913 prime?
True
Is 12233334947 prime?
False
Is 125690599 composite?
True
Is 21222549143 a prime number?
True
Is 33633368009 prime?
False
Is 6575591189 a prime number?
False
Is 202526755 prime?
False
Is 7344778849 a prime number?
False
Is 1816952723 composite?
False
Is 82282537 composite?
False
Is 54000632383 prime?
True
Is 9307725451 composite?
True
Is 626309911 composite?
False
Is 172429603 a composite number?
False
Is 9086180837 a prime number?
False
Is 1167586519 a composite number?
True
Is 280573399 prime?
False
Is 289473487 a composite number?
True
Is 6381035447 a composite number?
False
Is 616605403 composite?
False
Is 7712916857 a prime number?
True
Is 4178896543 composite?
False
Is 466706827 a prime number?
False
Is 24226736791 prime?
True
Is 33173537993 a prime number?
False
Is 7127103673 a prime number?
True
Is 31718238173 prime?
False
Is 700182277 a composite number?
False
Is 1479397531 composite?
True
Is 2711103167 prime?
True
Is 6843390107 a composite number?
False
Is 26227979119 prime?
False
Is 133458565619 composite?
True
Is 3394572371 composite?
False
Is 7303440143 prime?
True
Is 893514619 composite?
False
Is 30543449 prime?
True
Is 1935174469 composite?
False
Is 7499050247 composite?
True
Is 2928678085 composite?
True
Is 2277673331 prime?
True
Is 31113913 a prime number?
False
Is 1277410051 a prime number?
False
Is 3667367 prime?
False
Is 1430993929 composite?
True
Is 354716363 composite?
False
Is 15864458221 a composite number?
False
Is 14117936551 prime?
False
Is 582173591 prime?
False
Is 78701768659 prime?
False
Is 1261674109 a composite number?
False
Is 14623573073 a composite number?
False
Is 56570073563 a composite number?
True
Is 6390344821 a prime number?
False
Is 19123754747 prime?
False
Is 5454666929 prime?
True
Is 11025493487 prime?
False
Is 391182179 composite?
False
Is 657687902 a composite number?
True
Is 257874103 a composite number?
False
Is 1320697379 a prime number?
True
Is 3643513291 a prime number?
False
Is 37040963 prime?
False
Is 7264492107 a prime number?
False
Is 3805582049 prime?
True
Is 4062193 a prime number?
False
Is 4170361231 composite?
False
Is 22986377 a prime number?
True
Is 347372093 prime?
True
Is 10088778961 a prime number?
False
Is 7951186955 a composite number?
True
Is 163178300699 prime?
False
Is 23565245449 composite?
False
Is 689832799 prime?
True
Is 211551497 prime?
False
Is 1817068713 a composite number?
True
Is 1017351197 a composite number?
False
Is 23156238473 a prime number?
False
Is 30248418527 prime?
False
Is 305258647 prime?
False
Is 25052077 a prime number?
True
Is 3750923459 a prime number?
True
Is 111132844149 composite?
True
Is 16002823615 a composite number?
True
Is 574964069 composite?
False
Is 1771018279 prime?
True
Is 41205269449 prime?
True
Is 11044771138 composite?
True
Is 14972758873 a prime number?
False
Is 135092422523 composite?
True
Is 56508957767 a composite number?
True
Is 1334549561 composite?
True
Is 683014737 a composite number?
True
Is 23696907593 a composite number?
False
Is 27019076389 a prime number?
True
Is 1004848619 a composite number?
False
Is 2025993163 prime?
False
Is 3678681301 a composite number?
False
Is 1586598469 prime?
False
Is 55909135 a composite number?
True
Is 8376417499 a composite number?
True
Is 4878366487 prime?
True
Is 122580629 a composite number?
False
Is 1392805457 composite?
True
Is 8859395731 a prime number?
False
Is 339496321 a composite number?
False
Is 520144123 prime?
False
Is 6260706031 a prime number?
False
Is 7200016217 a prime number?
False
Is 4276589953 a composite number?
False
Is 31736424101 prime?
True
Is 445072295 prime?
False
Is 28708403491 prime?
True
Is 520638523 composite?
False
Is 493392113 a prime number?
False
Is 374243537 a composite number?
False
Is 229809960599 a prime number?
True
Is 366856067 prime?
True
Is 42953819 prime?
False
Is 3009942569 a prime number?
True
Is 46266422563 composite?
True
Is 21102608179 composite?
False
Is 980092657 a composite number?
True
Is 874733879 a prime number?
True
Is 89727291403 prime?
True
Is 4326839639 a composite number?
True
Is 1166018141 a prime number?
True
Is 1823074153 a prime number?
False
Is 1842338411 composite?
False
Is 1908305537 a prime number?
False
Is 457455571609 a prime number?
True
Is 22718364989 a prime number?
False
Is 5641316617 composite?
False
Is 15284305271 a composite number?
False
Is 28900806793 a prime number?
True
Is 79920306509 prime?
True
Is 28815162263 composite?
True
Is 67787828063 a composite number?
False
Is 561421693 a composite number?
True
Is 10118164697 prime?
False
Is 1557204931 a prime number?
True
Is 7119916799 a prime number?
False
Is 565836707 a prime number?
False
Is 231042349 a composite number?
True
Is 12254532574 a composite number?
True
Is 645484891 prime?
False
Is 13839391613 prime?
True
Is 164349925879 prime?
True
Is 5798436719 a prime number?
False
Is 1005779977 a composite number?
True
Is 491723269 prime?
True
Is 32680799611 prime?
True
Is 76528027 a prime number?
False
Is 2421254339 prime?
False
Is 46936714411 a prime number?
False
Is 10636346407 a prime number?
True
Is 2373335551 a composite number?
False
Is 3463054253 composite?
False
Is 19375552733 composite?
False
Is 430575083 prime?
True
Is 30448441091 prime?
True
Is 1479037453 a prime number?
True
Is 10214112137 prime?
True
Is 976609637 composite?
False
Is 7385937893 a prime number?
False
Is 38384168647 composite?
True
Is 19315410227 a composite number?
False
Is 4583211593 a prime number?
False
Is 30366805069 composite?
False
Is 10443853886 composite?
True
Is 83823827 a composite number?
True
Is 709152793 a composite number?
False
Is 608627101 a prime number?
False
Is 200202853 composite?
False
Is 5248448201 a prime number?
True
Is 49124015413 composite?
True
Is 2153124782 a prime number?
False
Is 12844492537 a prime number?
False
Is 7786971613 prime?
True
Is 1716424531 prime?
True
Is 35554637 a composite number?
False
Is 7253412851 prime?
False
Is 2106410777 composite?
True
Is 612283559 a composite number?
False
Is 40963696007 a composite number?
True
Is 3032724353 composite?
False
Is 2465716943 prime?
False
Is 5984942329 composite?
True
Is 50609473307 a composite number?
False
Is 2471401679 a composite number?
False
Is 169485234409 a composite number?
Fa